 -96*d - 2055. What is l(-19)?
-231
Let h(g) = 80*g + 812. Calculate h(-10).
12
Let t(j) = -3*j**3 + 88*j**2 - 29*j + 99. Give t(29).
99
Let j(o) = 3*o**2 - 34*o + 128. Determine j(4).
40
Let j(k) = k**3 - 2*k**2 - 14*k - 30. Give j(-2).
-18
Let l(a) = 3*a**3 + 18*a**2 - 26*a - 24. What is l(-7)?
11
Let y(b) = 2*b**3 + 6*b**2 + 200*b + 1167. Determine y(-6).
-249
Let y(n) = -n**2 - 33*n - 251. Give y(-21).
1
Let h(y) = -y**3 - 42*y**2 + 347*y + 222. Give h(-49).
26
Let f(z) = z**2 + 24*z - 84. What is f(-31)?
133
Let k(f) = 3*f + 155. Determine k(-20).
95
Let k(w) = -181*w**2 + 200*w + 10. Calculate k(1).
29
Let k(q) = 29*q - 115. What is k(12)?
233
Let t(a) = 16*a - 71. Give t(-7).
-183
Let f(p) = p**2 + 6*p + 37. Give f(-4).
29
Let x(c) = 11*c - 1414. Determine x(82).
-512
Let y(v) = -v**3 + 6*v**2 + 20*v - 18. What is y(7)?
73
Let n(b) = -3*b**3 - b**2 + 351*b + 353. Determine n(-1).
4
Let i(r) = r**2 + 22*r - 487. Calculate i(18).
233
Let z(l) = -13*l**2 - 111*l + 49. Determine z(-9).
-5
Let h(j) = -j**2 - 11*j + 471. What is h(21)?
-201
Let u(s) = -4*s + 95. Give u(17).
27
Let y(b) = -16*b**2 - 515*b - 102. Calculate y(-32).
-6
Let w(i) = -11*i**2 + 61*i + 44. Determine w(-1).
-28
Let z(q) = -2*q**2 - 37*q - 71. Give z(-2).
-5
Let h(m) = -39*m - 10. Calculate h(4).
-166
Let w(a) = 218*a - 231. Determine w(1).
-13
Let a(b) = b**3 + 7*b**2 - 24*b + 30. Calculate a(-10).
-30
Let d(h) = 20*h - 10. Calculate d(12).
230
Let t(n) = -n**2 + 44*n + 87. Calculate t(0).
87
Let s(o) = 6*o**2 + 189*o - 1743. What is s(-39)?
12
Let t(m) = m**3 - 3*m**2 - 14*m + 10. Give t(5).
-10
Let u(r) = -r**3 - 9*r**2 + 6*r + 3. What is u(-9)?
-51
Let q(c) = 2*c**3 + 104*c**2 + 10*c + 554. What is q(-52)?
34
Let t(r) = -254*r - 4. What is t(1)?
-258
Let z(k) = 9*k - 84. What is z(2)?
-66
Let i(x) = 38*x + 167. What is i(-4)?
15
Let h(u) = -u**3 + 52*u**2 - 661*u - 297. Determine h(28).
11
Let d(t) = 3*t**2 + 32*t + 64. Determine d(-2).
12
Let c(m) = m**2 - 134*m + 2363. Determine c(21).
-10
Let v(k) = -327*k + 1916. Give v(6).
-46
Let z(t) = -18*t - 176. What is z(-25)?
274
Let r(l) = 1273*l - 6370. What is r(5)?
-5
Let b(a) = -a**3 + 79*a**2 - 68*a + 339. Calculate b(78).
1119
Let b(p) = 120*p - 2906. What is b(25)?
94
Let m(f) = -11*f - 4. Calculate m(-11).
117
Let y(a) = -a**3 + 26*a + 3. Determine y(7).
-158
Let g(k) = 2*k**2 - 248*k - 13528. Give g(-41).
2
Let i(w) = 2*w**2 - 905*w - 3636. Calculate i(-4).
16
Let w(j) = -44*j + 319. Calculate w(6).
55
Let l(p) = 22*p - 282. Calculate l(13).
4
Let c(x) = -x**2 + 3*x - 46. Calculate c(10).
-116
Let i(u) = -284*u**2 + 9*u - 8. Determine i(1).
-283
Let x(n) = 278*n - 2784. Give x(10).
-4
Let a(f) = -1319*f + 3963. Determine a(3).
6
Let t(z) = 10*z - 85. Determine t(11).
25
Let v(d) = -d**2 + 20*d - 76. Give v(14).
8
Let t(x) = x**3 + 13*x**2 - 11*x - 68. Calculate t(-6).
250
Let h(y) = -y**2 - 81*y - 713. Calculate h(-10).
-3
Let q(v) = -13*v**3 - 51*v**2 - 32*v - 20. Calculate q(-4).
124
Let l(h) = 27*h - 596. Determine l(21).
-29
Let k(n) = -n**2 + 6*n - 6. Give k(-11).
-193
Let m(q) = 70*q**2 - 224*q + 13. Calculate m(3).
-29
Let v(i) = -10*i**3 - 3*i**2 - 13*i - 14. Calculate v(-2).
80
Let h(m) = -156*m + 2921. Give h(18).
113
Let y(t) = -227*t - 4346. Determine y(-19).
-33
Let m(a) = a**3 + 5*a**2 + 4*a + 4. What is m(-4)?
4
Let o(b) = 2*b**2 + 71*b + 200. Give o(-32).
-24
Let u(a) = -110*a + 2757. Calculate u(25).
7
Let d(t) = -9114*t - 36418. Give d(-4).
38
Let x(s) = -4*s**2 - 191*s + 789. Give x(4).
-39
Let g(d) = 79*d + 836. Calculate g(-13).
-191
Let v(w) = 2*w - 114. What is v(50)?
-14
Let b(z) = 3*z**3 - 3*z**2 + 19*z + 116. Give b(-6).
-754
Let a(v) = v**3 + v + 5. Determine a(-4).
-63
Let v(h) = -1820*h + 7269. Calculate v(4).
-11
Let z(r) = -22*r - 567. Give z(-21).
-105
Let c(r) = r**2 + 13*r - 25. What is c(-13)?
-25
Let t(d) = d**3 - 43*d**2 + 26. What is t(43)?
26
Let a(f) = f**3 + 4*f**2 - 16*f - 4. What is a(9)?
905
Let j(i) = 7*i**2 + 34*i - 126. Determine j(3).
39
Let g(v) = -381*v - 5962. What is g(-16)?
134
Let d(h) = 4*h**2 + 11*h - 211. What is d(-13)?
322
Let s(n) = -2*n**2 - 70*n - 362. What is s(-28)?
30
Let v(l) = l**3 - 13*l**2 + 34*l - 93. Give v(11).
39
Let s(o) = o**2 + o + 14. Give s(0).
14
Let u(v) = -v**3 + 202*v**2 + 1464*v - 12. Give u(-7).
-19
Let w(z) = -6884*z + 75720. Give w(11).
-4
Let t(n) = -2*n**3 + 108*n**2 - 567*n - 58. Give t(6).
-4
Let h(o) = o**3 - 17*o**2 + 21*o - 101. Give h(16).
-21
Let m(z) = -3*z**2 + 73*z + 213. Determine m(29).
-193
Let x(d) = 30*d - 709. Give x(24).
11
Let p(m) = m**3 + 38*m**2 - 13*m + 92. What is p(-38)?
586
Let d(i) = -1863*i + 35392. Calculate d(19).
-5
Let o(c) = 1659*c + 1660. Determine o(-1).
1
Let b(x) = x**2 - 44*x - 38. Give b(32).
-422
Let t(v) = -2*v**2 + 16*v - 40. Give t(9).
-58
Let p(x) = x + 81. Calculate p(-9).
72
Let v(h) = 41*h**2 + 1602*h + 114. Calculate v(-39).
-3
Let x(h) = 1259*h - 50360. Give x(40).
0
Let u(h) = -h**2 - 7*h + 214. Calculate u(13).
-46
Let o(n) = n**2 + 21*n + 91. Give o(-13).
-13
Let u(z) = 3*z**3 + 10*z**2 + 2*z - 96. Determine u(0).
-96
Let j(h) = -h**3 - 2*h**2 + 3*h + 11. Determine j(-2).
5
Let v(r) = -r**3 - 14*r**2 - 57*r + 2. Determine v(-5).
62
Let w(g) = g**3 - 22*g**2 - 42*g - 113. Determine w(24).
31
Let y(a) = 464*a + 265. Calculate y(-1).
-199
Let x(w) = 39*w - 1118. What is x(38)?
364
Let t(i) = -1154*i - 3459. Determine t(-3).
3
Let o(d) = 1356*d + 10852. What is o(-8)?
4
Let g(b) = 44*b + 2894. Determine g(-66).
-10
Let p(i) = 792*i + 21384. Calculate p(-27).
0
Let q(k) = k**3 - 5*k**2 - 16*k + 48. Give q(6).
-12
Let s(y) = y**3 + 47*y**2 + 199*y + 1162. Give s(-43).
1
Let q(z) = 6*z - 148. Determine q(5).
-118
Let m(d) = -d**3 + 13*d**2 - 5*d - 94. Determine m(10).
156
Let y(k) = -20*k + 29. Give y(0).
29
Let l(v) = 1072*v + 10694. Calculate l(-10).
-26
Let n(g) = 7889*g - 31540. What is n(4)?
16
Let o(z) = -2*z**2 + 342*z + 6822. Determine o(-18).
18
Let s(a) = 13*a**2 + 73*a + 246. What is s(-3)?
144
Let i(m) = -2*m**2 + 31*m - 203. What is i(16)?
-219
Let l(k) = -137*k + 2558. Determine l(18).
92
Let r(i) = -2*i**2 - 26*i - 49. Give r(-4).
23
Let w(j) = -73*j + 426. Determine w(7).
-85
Let v(f) = -62*f - 366. Determine v(-6).
6
Let u(c) = 24*c**3 - 8520*c**2 - 2*c + 704. Give u(355).
-6
Let s(j) = -j**3 - 46*j**2 - 43*j + 84. Determine s(-45).
-6
Let t(z) = 80*z + 4155. Determine t(-53).
-85
Let g(n) = n**2 + 181*n - 4591. Determine g(22).
-125
Let x(r) = -r**2 + 47*r + 350. What is x(-9)?
-154
Let m(z) = 3*z**3 - 25*z**2 + 8*z - 16. Calculate m(8).
-16
Let b(j) = j**2 - 5*j - 318. Give b(0).
-318
Let d(r) = 3*r**3 - 17*r**2 - 32*r - 2. Give d(8).
190
Let x(v) = 15*v - 200. Calculate x(13).
-5
Let y(r) = 4*r**3 + 5*r**2 + 7*r - 13. Determine y(5).
647
Let l(n) = -4*n**2 - 61*n - 230. What is l(-8)?
2
Let g(y) = -y**3 + 25*y**2 + 65*y - 54. What is g(27)?
243
Let d(p) = 2*p**2 + 417*p - 622. Calculate d(-210).
8
Let g(q) = 1398*q**2 + 9784*q - 8. What is g(-7)?
6
Let z(t) = -t - 54. Calculate z(42).
-96
Let q(y) = y**3 - 7*y**2 + 64*y - 353. Give q(6).
-5
Let j(d) = 4*d**2 + 6*d - 27. What is j(-7)?
127
Let t(d) = d**3 + 11*d**2 + 4*d - 77. Give t(-9).
49
Let g(b) = b**2 + 201*b - 5901. Determine g(26).
1
Let g(q) = -26*q + 106. What is g(4)?
2
Let u(w) = -12*w**3 + 3*w**2 + 6*w - 8. Give u(1).
-11
Let d(f) = -8*f**2 - 255*f - 1600. Give d(-6).
-358
Let w(r) = -r**3 + 30*r**2 - 33*r + 89. What is w(29)?
-27
Let d(h) = -13*h + 407. What is d(27)?
56
Let w(j) = -2*j**2 + 88*j - 727. Determine w(11).
-1
Let l(x) = -2*x**3 - 64*x**2 + 42*x + 72. What is l(-33)?
864
Let f(u) = -u**3 + 15*u**2 - 15*u - 11. Calculate f(11).
308
Let x(g) = -g**3 + 4*g**2 + 73*g - 1014. What is x(-11)?
-2
Let g(n) = -n**3 + 54*n**2 - 98*n + 5320. Give g(54).
28
Let q(b) = 53*b - 1038. Give q(20).
22
Let j(u) = -237*u + 1064. What is j(4)?
116
Let o(n) = -n**3 - 23*n**2 + 32*n + 278. Give o(-24).
86
Let l(w) = 63*w + 3061. Determine l(-47).
100
Let g(v) = v**2 + 169*v - 2635. Determine g(15).
125
Let k(u) = -4*u**2 - 12*u + 85. Calculate k(5).
-75
Let y(j) = 323*j - 4210. What is y(13)?
-11
Let j(r) = r**3 + 6*r**2 + 7*r + 126. Calculate j(-7).
28
Let v(f) = -52*f**2 - 3690*f + 138. Determine v(-71